highest common divisor of 36924 and 22263?
543
Calculate the highest common factor of 159276 and 416.
52
Calculate the greatest common divisor of 1326501 and 99.
99
Calculate the highest common divisor of 32740 and 790.
10
Calculate the greatest common divisor of 13675 and 325.
25
Calculate the greatest common divisor of 18 and 407214.
18
What is the greatest common divisor of 13528 and 198648?
712
Calculate the highest common divisor of 289744 and 398.
398
Calculate the greatest common factor of 21112 and 12272.
104
Calculate the greatest common factor of 2061085 and 65.
65
What is the highest common divisor of 4 and 72188?
4
What is the greatest common factor of 3388132 and 88?
44
What is the highest common divisor of 699860 and 7?
7
Calculate the highest common factor of 34140 and 2985.
15
Calculate the highest common divisor of 680904 and 2548.
196
Calculate the highest common divisor of 52920 and 8340.
60
Calculate the greatest common factor of 146972 and 754.
58
Calculate the greatest common divisor of 1302 and 1022.
14
Calculate the highest common divisor of 10620 and 72.
36
Calculate the greatest common factor of 140091 and 27637.
953
Calculate the greatest common factor of 3418 and 7.
1
Calculate the greatest common divisor of 1527 and 432.
3
Calculate the highest common factor of 1416 and 480.
24
What is the greatest common factor of 1131 and 2418?
39
What is the greatest common factor of 1878656 and 26?
26
Calculate the greatest common factor of 10 and 12452.
2
What is the greatest common factor of 139442 and 3051?
113
Calculate the greatest common factor of 8469 and 2257459.
941
Calculate the highest common factor of 2144 and 58688.
32
Calculate the highest common divisor of 78300 and 1700.
100
What is the highest common factor of 697986 and 85?
17
What is the greatest common factor of 1915270 and 70?
70
What is the greatest common divisor of 216234 and 328?
82
Calculate the highest common divisor of 5891 and 11919.
137
What is the greatest common divisor of 10800 and 920?
40
What is the greatest common divisor of 3528 and 25032?
168
Calculate the highest common factor of 14927 and 1116811.
1357
Calculate the greatest common factor of 190 and 55822.
38
What is the greatest common factor of 98 and 1674848?
14
Calculate the greatest common factor of 1080 and 996120.
360
Calculate the highest common divisor of 5330 and 11440.
130
Calculate the greatest common divisor of 107 and 643.
1
Calculate the highest common divisor of 4149 and 129.
3
Calculate the highest common factor of 494610 and 270.
30
Calculate the greatest common divisor of 11603 and 1763.
41
Calculate the greatest common divisor of 12445 and 22705.
95
Calculate the greatest common divisor of 11288 and 3944.
136
Calculate the highest common factor of 290 and 95265.
145
Calculate the greatest common divisor of 238 and 80393.
17
Calculate the greatest common divisor of 321976 and 11086.
482
Calculate the greatest common divisor of 6083 and 266.
7
What is the greatest common factor of 1273 and 102577?
67
Calculate the greatest common divisor of 293041 and 14.
7
What is the greatest common divisor of 1299782 and 1310?
262
What is the highest common divisor of 1860770 and 5?
5
What is the greatest common factor of 960 and 720960?
960
Calculate the greatest common factor of 13549 and 119.
17
What is the greatest common divisor of 3175449 and 69?
69
Calculate the greatest common divisor of 297 and 14067.
27
Calculate the greatest common divisor of 33250 and 2835.
35
What is the greatest common factor of 67 and 325486?
67
Calculate the greatest common factor of 2 and 53.
1
Calculate the greatest common factor of 215093 and 551.
29
Calculate the greatest common divisor of 204 and 5268.
12
What is the greatest common divisor of 260748 and 24?
12
What is the greatest common divisor of 53127 and 576?
9
Calculate the highest common divisor of 774 and 6462.
18
What is the greatest common factor of 810576 and 156?
156
What is the greatest common factor of 1885 and 3705?
65
What is the highest common factor of 1640 and 80770?
410
Calculate the highest common divisor of 44423 and 31.
31
Calculate the greatest common factor of 67641 and 168.
21
What is the highest common factor of 18 and 978?
6
What is the highest common divisor of 451660 and 16?
4
What is the highest common divisor of 467104 and 3872?
352
What is the highest common factor of 351 and 347997?
39
Calculate the highest common factor of 876 and 2091888.
876
What is the highest common factor of 24438 and 30?
6
Calculate the highest common factor of 391 and 3592117.
391
What is the highest common divisor of 2760 and 46391?
23
Calculate the greatest common divisor of 2240 and 23240.
280
What is the highest common factor of 168 and 55164?
12
Calculate the highest common divisor of 34730 and 1035.
115
What is the greatest common factor of 10500 and 672?
84
What is the highest common divisor of 16670848 and 128?
128
What is the greatest common divisor of 116216 and 15768?
584
What is the highest common divisor of 665 and 4263?
7
Calculate the highest common divisor of 635 and 2425.
5
What is the greatest common factor of 630 and 555?
15
Calculate the highest common divisor of 39165 and 405.
15
What is the highest common factor of 12050 and 531646?
482
Calculate the highest common factor of 1079 and 23489.
83
Calculate the highest common divisor of 566 and 45.
1
What is the greatest common factor of 340 and 141032?
68
What is the highest common divisor of 144 and 1494?
18
What is the highest common factor of 1568000 and 250?
250
What is the greatest common factor of 6 and 399576?
6
Calculate the highest common factor of 123 and 1800.
3
What is the highest common divisor of 174839 and 35?
7
What is the highest common divisor of 42636 and 289?
17
Calculate the highest common divisor of 17301 and 730.
73
What is the greatest common divisor of 791 and 14077?
7
What is the greatest common divisor of 553 and 1449176?
79
Calculate the greatest common factor of 13950 and 41310.
90
What is the highest common factor of 13242 and 540?
6
Calculate the highest common factor of 34456 and 1298.
118
Calculate the highest common divisor of 3281 and 34.
17
Calculate the highest common divisor of 149863 and 2439.
271
What is the greatest common factor of 3128 and 1737604?
1564
Calculate the greatest common divisor of 2254 and 1012.
46
Calculate the greatest common factor of 38780 and 175.
35
What is the highest common divisor of 196 and 9735810?
98
Calculate the greatest common divisor of 8 and 763.
1
What is the highest common factor of 408 and 57144?
24
What is the greatest common factor of 24804 and 741?
39
Calculate the greatest common factor of 911761 and 17.
17
What is the greatest common divisor of 12798 and 48033?
81
Calculate the greatest common divisor of 62 and 1012026.
62
What is the greatest common divisor of 5057 and 49792?
389
Calculate the greatest common divisor of 4832 and 805736.
1208
What is the highest common factor of 16579 and 118?
59
Calculate the greatest common factor of 1 and 1111543.
1
What is the greatest common factor of 1668225 and 145?
145
Calculate the highest common factor of 439036 and 104.
52
What is the greatest common divisor of 6356 and 518?
14
Calculate the highest common factor of 588 and 1902012.
84
Calculate the highest common divisor of 23 and 958525.
23
What is the greatest common factor of 27756 and 5706?
18
Calculate the highest common factor of 908261 and 159.
53
Calculate the greatest common factor of 30296 and 1623.
541
Calculate the highest common divisor of 129370 and 5327.
761
Calculate the greatest common divisor of 25716 and 108.
12
Calculate the greatest common divisor of 416 and 765076.
52
What is the highest common factor of 64 and 83488?
32
Calculate the highest common divisor of 1606 and 682.
22
What is the greatest common factor of 4667 and 146113?
359
What is the highest common divisor of 1 and 3464?
1
What is the highest common divisor of 12997 and 49135?
317
What is the greatest common factor of 218609 and 142?
71
What is the greatest common factor of 2668 and 1380?
92
What is the greatest common factor of 2873 and 5525?
221
What is the highest common factor of 24 and 95636?
4
Calcula